est common factor of 180 and s?
90
Let c = -160 - -147. Let y(o) = -o**2 - 13*o + 77. Let t be y(c). What is the greatest common factor of t and 22?
11
Suppose -139*m - 786 = -9551 - 965. Let g = 34 + -24. What is the highest common divisor of m and g?
10
Suppose 15 = -2*t + 169. Let r(p) = 2*p - 50. Let a be r(29). Let z be a/32 + 43/4. Calculate the greatest common divisor of z and t.
11
Let a(z) = 4*z**2 + 3*z + 6 - 4 + z**3 + 2. Let v be a(-3). Suppose -v*q + 3*m + 67 = 0, 3*q - 12 = 3*m + 42. Calculate the highest common divisor of 169 and q.
13
Suppose -2*p - 68843 = -13*l, -7966 = -3*l - p + 7915. What is the highest common divisor of 75 and l?
15
Suppose 7*g - 2*g = 4*l + 842, -4*g = -2*l - 676. Let u = -107 + g. Let p = -8 - -17. Calculate the greatest common divisor of p and u.
9
Let l(j) = 10*j**2 + 38*j - 91. Let p be l(4). What is the greatest common divisor of p and 187?
17
Let c be 1 - (-20)/(-1 + 6). Suppose c*b - 32 - 58 = 0. Let w(k) = 2*k**2 - 2*k + 3. Let l be w(-3). What is the greatest common factor of l and b?
9
Let y(g) = g**3 - 19*g**2 - 6*g - 195. Let k be y(21). What is the highest common factor of 55 and k?
11
Let c = -1450 + 1483. Suppose 4*i = 9 - 1. Suppose y + 2*y - 25 = -2*z, 0 = -i*z - y + 23. Calculate the greatest common divisor of z and c.
11
Suppose -2*a = 2*a + 908. Let l = -62 - a. Suppose -u - u + 30 = 0. Calculate the highest common factor of u and l.
15
Let q be (3 - 2)/((-2)/(-210)). Suppose 46*a + 1661 = 57*a. Suppose 17 = 4*s - a. Calculate the greatest common factor of q and s.
21
Let n be 2 + 2 + -1 + (-5)/(-1). Suppose 4 = 2*y - 4*y - 2*h, -23 = -y + 4*h. Suppose 297 = y*w + 105. Calculate the highest common divisor of n and w.
8
Let w = -8 - 1. Let o(d) = -9*d - 13. Let y(s) = -s. Let j(f) = o(f) - 4*y(f). Let p be j(w). Calculate the highest common divisor of p and 8.
8
Suppose 0 = -8*q + 104 - 32. Let b(o) = -o**3 + 10*o**2 + o - 38. Let a be b(q). What is the greatest common divisor of a and 130?
26
Suppose -3*o + 67 = -2*c + 274, 0 = -5*c - 2*o + 546. What is the highest common factor of 648 and c?
108
Let s be (50/5)/(1/(-4)). Let j = -44 + 85. Let o = j + s. What is the highest common factor of o and 11?
1
Suppose 2*t - 12 = 0, 3*h + 4*t + 154 = 475. What is the highest common factor of h and 1044?
9
Let r = 16908 - 16845. What is the greatest common divisor of 1350 and r?
9
Let h = -3094 - -4038. What is the highest common factor of 144 and h?
16
Let p(d) = -62*d - 220. Let b be p(-5). Let l be 4/2*(-315)/(-2). What is the highest common factor of b and l?
45
Suppose -5 = -2*d + 43. Let m(k) = -17*k**2 + 113*k + 6. Let n be m(3). What is the highest common factor of n and d?
24
Suppose -10860 = -130*h + 70*h. Calculate the greatest common divisor of h and 2896.
181
Let w = 33 - 23. Let d(u) = 2*u**2 + 53*u - 130. Let y be 10*(-7)/(-35) - 32. Let a be d(y). What is the greatest common factor of w and a?
10
Let g(w) = 25*w**2 + 7*w - 18. Let t be g(2). Suppose 200 = -0*i + 5*i - 5*r, -2*i - 2*r = -64. What is the highest common factor of i and t?
12
Suppose 9*d - 36 = 12*d - 2*r, 3*d = -5*r - 36. Let y(i) = 32*i**2 - i. Let w be y(1). Let z = w + d. What is the highest common factor of 209 and z?
19
Suppose -891 + 414 = -4*j + 3*u, 15 = -u. Let a = -3 - -27. Calculate the greatest common divisor of a and j.
12
Let j = -142 - -142. Suppose -9*x - 180 + 522 = j. What is the highest common divisor of 494 and x?
38
Suppose 59*l = 50*l + 882. Let d(y) = -y**2 + 6*y - 3. Let b be d(5). Suppose b*p = 4*p - 294. Calculate the highest common divisor of l and p.
49
Suppose -9*z + 3026 = 2036. What is the highest common divisor of 385 and z?
55
Let p be (-20)/(-5) - (-1415)/5. What is the highest common divisor of 35 and p?
7
Suppose -2*x - 2*x = -176. Let l(n) = 2*n - 24. Let d be l(31). Let k be d/10 + 17/85. Calculate the greatest common divisor of x and k.
4
Suppose 0 = -356*i + 336*i + 520. Calculate the greatest common factor of 3926 and i.
26
Let i(f) = -94*f - 18. Let r be i(-9). Suppose -r = -5*n - 228. What is the highest common divisor of n and 16?
8
Let x(t) = -t**2 + 4*t + 82. Let n be x(8). What is the highest common factor of n and 1050?
50
Suppose 2*a = 3*w - 3, 3*w + 3 = -3*a + 6*w. Suppose j - 4*f - 232 - 111 = a, 2*j = 5*f + 701. What is the highest common factor of j and 33?
33
Let q be (5 - (0 - -3119))*14/(-28). What is the highest common divisor of 346 and q?
173
Suppose -3 = g, -2*f + 25 = -2*g - 489. Let z = f + -175. Calculate the highest common factor of 79 and z.
79
Let j(u) = -2*u**2 - 84*u - 287. Let w be j(-35). Calculate the highest common divisor of w and 493.
29
Let v(q) = 8*q - 39. Let g = 154 + -72. Let t = g - 77. Let m be v(t). What is the highest common factor of 16 and m?
1
Suppose -115*z + 220 = -71*z. Suppose 0*g + 4*g = 20. Suppose 3 = -g*j - 2*p + 38, 10 = -2*j + 4*p. What is the greatest common factor of j and z?
5
Let o be (-2 - (1 - 3)) + -21. Let p be (-14)/o + (-28)/(-3). Let s(x) = 2*x + 7. Let b be s(p). What is the greatest common divisor of 54 and b?
27
Let f = -18 - -22. Suppose f*z = 32 - 16. Suppose -3*m + z = -2. Calculate the highest common divisor of m and 10.
2
Let m be 0 + 3 + 8 + -6. Suppose 4*s + 188 = m*o, -2*s + 27 + 5 = o. Calculate the highest common factor of o and 18.
18
Let n be ((-4)/(-8))/((-60)/(-480)). What is the greatest common factor of 3932 and n?
4
Let p(b) = -24008*b**3 + 2*b**2 - 436*b - 436. Let x be p(-1). What is the greatest common factor of 98 and x?
98
Suppose 3*h + 8 = q - 49, h + 243 = 5*q. Let u = q + 17. Suppose -4*k = -4*a + 52, -5*a + k + u = -0*k. What is the greatest common factor of 13 and a?
13
Suppose -5*a = -15, 0 = 25*f - 26*f + a + 152. Suppose 25 = 9*p - f. Calculate the highest common factor of p and 140.
20
Let u = -5858 - -5894. Calculate the greatest common factor of u and 3294.
18
Let k be (-4)/(-6) - 792/(-27). Let y(w) = w**2 - 28*w - 36. Let v be y(k). Let n be (2/3)/((-2)/(-792)). What is the highest common divisor of n and v?
24
Suppose -10914 = -13*q + 14763 + 28923. Calculate the highest common factor of 63 and q.
21
Let z(n) = -n**3 - 5*n**2 - 9*n - 186. Let m be z(-8). What is the greatest common divisor of m and 102?
6
Suppose 86 = 3*a + 2*w, 195 = 2*a - 3*w + 168. What is the greatest common factor of a and 1458?
6
Let w = 26957 - -12395. What is the greatest common divisor of 8 and w?
8
Let p = 195 - 69. Let h be (p - 12/(-6)) + 4. Calculate the highest common factor of 165 and h.
33
Let d = 6191 + -6095. What is the highest common divisor of 800 and d?
32
Let g = 19324 + -19186. Calculate the greatest common factor of g and 66.
6
Suppose -3*q = -4*q + 76. Let y be 220/(-10) + (1 - -3). Let z(w) = -w**2 - 19*w + 1. Let f be z(y). Calculate the greatest common factor of f and q.
19
Let a be 2/13 - (105424/(-208) - -43). What is the highest common divisor of a and 176?
16
Suppose 2*w + 109 + 161 = -4*g, -4*w = -5*g - 370. Let t be g/(((-42)/(-33))/(-7)). What is the greatest common divisor of t and 22?
11
Let a = 163 + -129. Suppose 193 + a = 2*z + 3*g, -z - 5*g = -117. Calculate the highest common factor of 168 and z.
56
Suppose -37 - 164 = 5*y + 3*i, -3*y = i + 123. Let l = 17 - -29. Let j = y + l. Calculate the greatest common factor of j and 36.
4
Suppose 241*c = 249*c - 96. Suppose -4*s = -3*s. Suppose s = 28*z - 27*z - c. Calculate the highest common divisor of z and 96.
12
Let h be (336/(-49))/((-13)/364). Calculate the highest common divisor of h and 10.
2
Let q be (-2)/(-4)*-6 - -35. Let i = -20 + q. Let z be 154 - 3/(i/(-8)). What is the highest common divisor of 26 and z?
26
Suppose w + 319 = 2*v, 81*w + 820 = 5*v + 83*w. What is the highest common factor of 14499 and v?
81
Let n be (0 - 4)*27/(-2). Let k(o) = 3*o**3 - 73*o**2 - 186*o - 504. Let y be k(27). What is the highest common factor of y and n?
18
Suppose -56 = -4*h - 4*b, -527*b = -h - 524*b + 14. Calculate the highest common divisor of h and 1568.
14
Let g(r) = 837*r + 13 - 836*r + 46. Let s be g(-14). Let f = -3 - -12. Calculate the greatest common factor of s and f.
9
Let n be 1 - -45 - (155 + -145). What is the highest common divisor of n and 3096?
36
Suppose -15 - 15 = -c - 3*q, 0 = -2*q - 2. Calculate the